isor of 324 and 12.
12
What is the highest common divisor of 91 and 196?
7
Calculate the highest common factor of 3393 and 78.
39
What is the highest common factor of 99 and 261?
9
Calculate the highest common factor of 5549 and 93.
31
What is the highest common divisor of 576 and 18?
18
What is the highest common divisor of 12 and 296?
4
What is the greatest common factor of 952 and 2023?
119
What is the highest common divisor of 110 and 10?
10
What is the greatest common factor of 217 and 3007?
31
Calculate the highest common divisor of 17 and 1751.
17
What is the highest common factor of 196 and 8260?
28
Calculate the highest common factor of 207 and 92.
23
What is the highest common divisor of 996 and 36?
12
Calculate the greatest common factor of 602 and 344.
86
What is the greatest common divisor of 10935 and 135?
135
What is the greatest common divisor of 376 and 32?
8
What is the highest common divisor of 108 and 243?
27
Calculate the highest common divisor of 119 and 816.
17
Calculate the highest common divisor of 63 and 342.
9
Calculate the highest common factor of 76353 and 186.
93
Calculate the highest common divisor of 800 and 500.
100
Calculate the highest common factor of 18 and 7506.
18
Calculate the greatest common factor of 42 and 1050.
42
Calculate the highest common factor of 444 and 12.
12
Calculate the greatest common divisor of 3565 and 1265.
115
Calculate the greatest common divisor of 45 and 792.
9
What is the highest common divisor of 450 and 48?
6
What is the greatest common divisor of 33 and 1408?
11
Calculate the greatest common factor of 406 and 29.
29
Calculate the greatest common divisor of 46 and 2.
2
What is the highest common divisor of 72 and 477?
9
What is the highest common divisor of 77 and 8701?
77
Calculate the greatest common factor of 19 and 1349.
19
Calculate the greatest common divisor of 2134 and 286.
22
Calculate the highest common divisor of 1191 and 27.
3
What is the greatest common factor of 6 and 606?
6
Calculate the greatest common factor of 253 and 1472.
23
What is the highest common divisor of 98 and 406?
14
What is the highest common factor of 230 and 30?
10
What is the highest common divisor of 411 and 6?
3
Calculate the greatest common divisor of 99 and 11.
11
What is the highest common factor of 2047 and 92?
23
Calculate the greatest common factor of 357 and 119.
119
What is the greatest common divisor of 339 and 1921?
113
Calculate the greatest common factor of 112 and 140.
28
What is the greatest common factor of 9 and 11?
1
What is the greatest common divisor of 87 and 6?
3
What is the highest common divisor of 528 and 108?
12
What is the highest common divisor of 5356 and 260?
52
What is the highest common divisor of 13408 and 1257?
419
What is the highest common divisor of 17682 and 168?
42
Calculate the highest common factor of 209 and 19.
19
What is the greatest common factor of 5203 and 242?
121
Calculate the highest common divisor of 140 and 960.
20
What is the highest common divisor of 268 and 335?
67
Calculate the greatest common factor of 196 and 6356.
28
Calculate the greatest common divisor of 110880 and 224.
224
Calculate the greatest common divisor of 46017 and 9.
9
Calculate the greatest common factor of 1582 and 14.
14
What is the greatest common factor of 182 and 1001?
91
What is the greatest common factor of 1380 and 132?
12
What is the greatest common divisor of 288 and 18?
18
What is the highest common divisor of 39 and 8307?
39
Calculate the highest common divisor of 120 and 60.
60
What is the greatest common factor of 198 and 36?
18
What is the greatest common divisor of 128 and 8192?
128
Calculate the greatest common divisor of 6063 and 94.
47
What is the greatest common divisor of 99 and 231?
33
Calculate the highest common divisor of 33 and 264.
33
Calculate the highest common divisor of 7268 and 2528.
316
Calculate the greatest common divisor of 707 and 7.
7
What is the greatest common divisor of 322 and 126?
14
Calculate the highest common factor of 117 and 78.
39
Calculate the highest common divisor of 2123 and 11.
11
What is the greatest common divisor of 78 and 52?
26
Calculate the greatest common factor of 621 and 161.
23
Calculate the greatest common factor of 4122 and 54.
18
What is the greatest common divisor of 138 and 21183?
69
What is the highest common divisor of 84 and 60?
12
What is the greatest common divisor of 59 and 2183?
59
Calculate the greatest common divisor of 54 and 54.
54
What is the greatest common factor of 45 and 2367?
9
What is the highest common factor of 4 and 10476?
4
Calculate the greatest common divisor of 18 and 261.
9
Calculate the highest common factor of 253 and 1001.
11
Calculate the greatest common divisor of 18763 and 145.
29
What is the highest common factor of 24 and 52?
4
Calculate the greatest common divisor of 109 and 66163.
109
What is the highest common divisor of 2152 and 8?
8
What is the greatest common divisor of 11 and 8305?
11
What is the greatest common divisor of 3978 and 182?
26
What is the highest common factor of 124 and 2449?
31
Calculate the highest common factor of 105 and 42.
21
Calculate the greatest common divisor of 749 and 175.
7
Calculate the highest common factor of 3 and 789.
3
Calculate the greatest common divisor of 64 and 4.
4
Calculate the highest common divisor of 40 and 13216.
8
What is the highest common factor of 544 and 17?
17
Calculate the greatest common factor of 51 and 170.
17
What is the highest common divisor of 189 and 1107?
27
What is the greatest common factor of 1558 and 328?
82
What is the highest common divisor of 166 and 10209?
83
Calculate the greatest common divisor of 70 and 190.
10
Calculate the highest common factor of 5 and 4.
1
What is the highest common divisor of 6401 and 37?
37
What is the greatest common factor of 1 and 179?
1
What is the highest common divisor of 299 and 13?
13
Calculate the highest common divisor of 42 and 21.
21
What is the highest common factor of 92 and 46?
46
Calculate the highest common factor of 143 and 330.
11
Calculate the greatest common divisor of 2 and 6.
2
What is the highest common divisor of 100 and 260?
20
Calculate the highest common divisor of 47 and 1786.
47
Calculate the highest common divisor of 66 and 572.
22
Calculate the greatest common divisor of 60 and 4488.
12
What is the greatest common factor of 759 and 253?
253
What is the highest common factor of 219 and 10658?
73
Calculate the greatest common factor of 820 and 20.
20
Calculate the highest common factor of 49 and 112.
7
What is the greatest common divisor of 1 and 3583?
1
What is the greatest common factor of 84 and 5376?
84
What is the highest common factor of 104 and 4?
4
What is the highest common factor of 360 and 160?
40
Calculate the highest common divisor of 140 and 90.
10
Calculate the highest common factor of 94 and 4.
2
What is the greatest common factor of 66 and 4521?
33
What is the highest common divisor of 12 and 1836?
12
Calculate the greatest common factor of 189 and 45.
9
Calculate the greatest common divisor of 323 and 51.
17
Calculate the greatest common factor of 75 and 5.
5
Calculate the greatest common divisor of 33 and 363.
33
Calculate the greatest common divisor of 4 and 86.
2
Calculate the greatest common factor of 108 and 78.
6
Calculate the greatest common divisor of 48 and 408.
24
What is the highest common divisor of 1530 and 270?
90
Calculate the highest common divisor of 1341 and 18.
9
What is the highest common divisor of 16781 and 346?
173
Calculate the highest common factor of 666 and 814.
74
Calculate the greatest common factor of 61 and 1525.
61
Calculate the highest common factor of 1287 and 176.
11
Calculate the highest common factor of 4136 and 2024.
88
What is the greatest common divisor of 4275 and 90?
45
Calculate the greatest common divisor of 1089 and 891.
99
Calculate the highest common divisor of 73669 and 23.
23
Calculate the greatest common factor of 1050 and 6.
6
Calculate the highest common factor of 2080 and 650.
130
Calculate the greatest common divisor of 42105 and 42.
21
What is the greatest common divisor of 7150 and 88?
22
What is the highest common factor of 999 and 444?
111
Calculate the highest co